 Suppose 4*j - x = -b, 2 - 8 = -2*j - 5*b. Suppose 92 = j*v + a - 6*a, 146 = 4*v - 2*a. What is the tens digit of v?
3
Suppose 4*p + a + 79 - 1132 = 0, 0 = 3*p - a - 795. Suppose -9*f - p = 141. What is the units digit of f/(-2 - 3*(-1)/3)?
5
What is the tens digit of (-105098)/(-42) - (2/(-18) - 16/(-36))?
0
Let l be -4 - 9*424/(-4). Let u = 1450 - l. Suppose 5*k + 5*t = u, 0*k + k + 5*t - 108 = 0. What is the tens digit of k?
9
Let h(o) = o**3 - 23*o**2 - 2*o + 50. Let d be h(23). Suppose -4*r = -d, -m - 3*m = -r - 1619. What is the hundreds digit of m?
4
Suppose -3*z = -5*g + 166073, -2*z - 97649 - 35207 = -4*g. What is the ten thousands digit of g?
3
Suppose c + 3*c - 170 = -2*i, -5*i = 2*c - 433. Let j = i - 69. What is the tens digit of j?
1
Let s(b) = -63*b - 32. Let o(k) = 441*k + 225. Let v(l) = 2*o(l) + 15*s(l). What is the hundreds digit of v(-8)?
4
Suppose 3*m + 32 = 8. What is the hundreds digit of (407 - (-7 - m)) + (1 - -2)?
4
Let l(s) be the third derivative of -s**6/120 - s**5/60 - 4*s**3/3 + 9*s**2. Let r be l(0). Let j(p) = 4*p**2 + 6*p + 6. What is the units digit of j(r)?
4
Suppose 10 = 2*n, -20*q + 25 = -19*q + 5*n. Suppose -12*f + 7*f - 3*x + 8825 = 0, q = f + 5*x - 1787. What is the hundreds digit of f?
7
Let p(w) = -227*w**2 - 1943*w - 5. What is the tens digit of p(-4)?
3
Suppose 12 = -4*a + 28. Let l be (-3 + 14/a)*(0 + 0). Let c(r) = 7*r + 188. What is the hundreds digit of c(l)?
1
Suppose 0 = -3*d + 5127 + 12657. Suppose 0 = 20*o - d + 948. What is the hundreds digit of o?
2
Let c be (2/4 - 0)*2. Suppose 0 = -5*b + 9*b - 12. What is the tens digit of c + 0 + (b - 5 - -93)?
9
Suppose 82*r - 2270705 = 961672 + 1055895. What is the hundreds digit of r?
2
Let i be (-84)/18 + -1 + (-2)/6. What is the units digit of (-10 - i)/((-6)/1917)?
8
Let o(q) = 8*q + 16. Let g be o(13). Let r be (45/(-20))/((-1)/g). Suppose -r = -0*t - 3*t. What is the tens digit of t?
9
Let z(s) = -583*s + 271. What is the units digit of z(-14)?
3
Let b(p) = 17*p**2 - 31*p**2 + 15*p**2 + 74 - 12*p. What is the tens digit of b(-14)?
3
Suppose 44*u = -103341 + 435717. What is the thousands digit of u?
7
Let w(x) = 53*x**2 + 26 + x - 54*x**2 + x. Let q be w(0). Suppose -680 = -4*p - 4*i, -5*i + 476 = 3*p - q. What is the hundreds digit of p?
1
Suppose 58286 = 42*j - 179350. What is the units digit of j?
8
Suppose 4*t - 3894 = -2*c, 5*c + 2622 = 4*t - 1251. Suppose -40*j = -2*w - 42*j + t, w - 490 = -5*j. What is the hundreds digit of w?
4
Let l = -140 - -144. Suppose -17*x = -l*x - 12766. What is the hundreds digit of x?
9
Let j(v) = -4*v**2 + 2*v**2 + 3*v**2 - 8 - 6*v. Suppose 9 - 4 = -3*o - 4*k, 0 = o - 4*k + 23. What is the units digit of j(o)?
3
Let r(w) = w**3 - 3*w**2 - 5*w - 2. Let u be r(4). Let q(j) = j**3 + 4*j**2 - 11*j + 18. Let y be q(u). What is the units digit of ((-1641)/y - (-1)/(-4))/(-1)?
7
Suppose 4*z = -3*q + 8 - 0, 2*q + 5*z - 10 = 0. Suppose -h + y + 579 = 0, -5*h + q*h - 2*y + 2895 = 0. What is the hundreds digit of h?
5
Suppose 0 = 2*o - 0*o - 3*v - 8548, -o = -2*v - 4273. What is the units digit of o?
7
Let u be (64/40 - 1) + (-5874)/(-10). Let q = u + 348. What is the hundreds digit of q?
9
Let i be 42210/40 + -2*(-4)/(-32). Let p = i - 595. What is the tens digit of p?
6
Let v = -52376 - -78987. What is the thousands digit of v?
6
Let t = 22089 - 18339. What is the units digit of t?
0
Suppose 4*i = -4, 7*i - 9*i = k + 20. What is the units digit of (k/(-21))/(-3) - 13905/(-35)?
7
Suppose 3*r = -4*r + 28. Suppose -3299 = 23*o - 26*o - 4*z, -r*z + 4404 = 4*o. What is the tens digit of o?
0
Suppose 4*w + w = 25. Suppose 2*s + s = -w*c + 729, 9 = 3*c. What is the tens digit of s?
3
Suppose -22*v + 2982 = -19877 - 19645. What is the tens digit of v?
3
Let a be 21/(-15) + 2 + 46/(-10). Let s be 36*(-1)/(2 - a/(-4)). Let o = s + 41. What is the units digit of o?
5
Suppose 36*j - 317*j + 8910072 = j. What is the ten thousands digit of j?
3
Suppose 2*a - 12 = 2*b, -2*a = b + a - 6. Let y(c) = 121*c + 3. Let x be y(b). What is the units digit of (-4)/14 - x/84?
4
Let l(u) = -8*u**2 + 5*u - 22. Let c(r) = r**3 + 14*r**2 - 10*r + 43. Let h(x) = 4*c(x) + 7*l(x). What is the tens digit of h(6)?
5
Let n(u) = u**3 + 39*u**2 - 5*u + 95. What is the hundreds digit of n(-29)?
6
Suppose -6*x = -292 - 14. Let m = x - 7. Suppose m = 4*p - 3*b, -4*p + 68 = b + 2*b. What is the tens digit of p?
1
Let s(p) = -472*p + 28. What is the tens digit of s(-14)?
3
Suppose -5*u + 6461 = 2*t, 4*u - 1725 = -3*t + 3448. Suppose -23*b + 549 = -u. What is the tens digit of b?
8
Let r be (10*4/(-16) + 0)*-4. Let i be (-15)/(-25) - -92*7/r. What is the units digit of i + (-6 - (4 - 7))?
2
Let w(o) = o**2 + 37*o + 40. Let z be w(-30). Suppose -4*n - 340 = 96. Let l = n - z. What is the units digit of l?
1
Suppose -5*z + 4*z = -3*z + 13434. What is the tens digit of z?
1
Let i(y) = -y**2 + 6*y + 54629. What is the thousands digit of i(0)?
4
Let a be (-3)/6*2 - (-422 - -3). Suppose -10*m = -11*m + a. What is the units digit of (161/(-21) - -8) + m/6?
0
Let n be 38/(-7) + (-3)/(-7). Let b(s) = -s**2 - 8*s - 4. Let m(h) = -4*h**2 - 31*h - 17. Let r(i) = 9*b(i) - 2*m(i). What is the units digit of r(n)?
3
Let n(q) be the third derivative of 3*q**4/8 - 31*q**3/6 - 19*q**2. Let t be n(12). What is the units digit of t - (-12)/(-15)*(-5)/2?
9
Let c(s) = -3019*s - 11548. What is the thousands digit of c(-11)?
1
Suppose -3*g - 748 = -b - b, b = -2*g + 381. Suppose -4*j = -v - 0*j + b, -3*j = 2*v - 721. What is the hundreds digit of v?
3
Suppose -3*a + 3 = 0, 0 = 5*v - 48*a + 52*a + 6. What is the tens digit of 1/v + 7/((-56)/(-6148))?
6
Let s(b) = 172*b - 1. Let l be s(1). Let z = l - 78. Let v = 10 + z. What is the units digit of v?
3
Suppose 2*x + w - 42022 = -2*x, -5*x + 5*w = -52565. What is the tens digit of x?
0
Let b(q) = q**3 - 9*q**2 - 36*q + 61. Let d be b(12). Suppose -d*z = -62*z + 593. What is the units digit of z?
3
Let t be 16/24*-1 - 8/6. Let c(g) = -107*g**3 - 9*g**2 - 16*g - 3. What is the units digit of c(t)?
9
Suppose -92*h = -89*h + 2*k + 72, 5*k + 59 = -2*h. What is the units digit of -5 + h/(-4) + 3178/4?
5
Let a(q) = -q**3 + 26*q**2 - 27*q + 110. Let l = 227 - 202. What is the tens digit of a(l)?
6
Let h(u) = u**3 - 7*u**2 + 9*u - 18. Let j be h(6). Suppose 3*b - 34 = -j*b - 2*z, -4*b + 38 = -z. Let f(v) = -v + 22. What is the units digit of f(b)?
2
Suppose 14*k + 16*k - 222270 = 0. What is the tens digit of k?
0
Let g be (-4)/(-8)*(6 - -7318). Let i = -2361 + g. What is the thousands digit of i?
1
Suppose 0 = -4*y + 6 + 14. Suppose 0 = -y*q + v - 811, 2*q + 3*q = 3*v - 803. Let c = -73 - q. What is the tens digit of c?
9
Let f(x) = -x**3 + 4*x**2 - 28*x + 4. Let w be f(-6). Suppose 230 + 193 = 4*j - b, 0 = 5*j + 2*b - w. What is the tens digit of j?
0
Suppose -2*k = -3*d + 116907, -2*d = 5*k - 3*k - 77948. What is the thousands digit of d?
8
Let t(q) = 49*q**2 + 7*q - 2*q**3 - 35 + 19*q - 35 + 99. What is the thousands digit of t(24)?
1
Let c = -11430 - -22184. What is the ten thousands digit of c?
1
Let y(d) = 5 + 33 + 3709*d**2 - 3734*d**2 - d**3 - 29*d. What is the units digit of y(-26)?
8
Let z = -71 + 89. What is the units digit of (42/z)/((-2)/(-114))?
3
Let d(y) = 2*y**2 + 22*y - 9. Let k be d(-11). Let g = k + 9. Suppose 2*m = 4*s - 16, -4*m + 3 = -s - g*s. What is the units digit of m?
2
Let c be 0/(-12 + 11)*2/(-2). What is the hundreds digit of (c - -2)*(2 + 9752/16)?
2
Let y = -722 - -2274. What is the hundreds digit of y?
5
Let w = 372 + -372. Suppose 13*p - 9*p + 16 = w, 2*l + 4*p = 1828. What is the hundreds digit of l?
9
Let q(o) = 11*o**2 + 3*o - 1081. What is the hundreds digit of q(32)?
2
Let p = 2272 + 317. Suppose -5531 = -5*y + p. What is the units digit of y?
4
Let s(x) = -x**2 + 96*x + 203. What is the thousands digit of s(67)?
2
Let v(l) = -198*l + 15867. What is the thousands digit of v(74)?
1
Let g = -184 + 190. What is the units digit of (-1 - (-3015)/g) + (-10)/20?
1
Suppose 5*u - 51305 = 5*y, -4*u - 8416 = -y - 49478. What is the ten thousands digit of u?
1
Suppose 10*d - 16*d = -246. Suppose 0 = 3*q + 2*n - 0 - 22, 0 = 4*q + 5*n - d. Suppose q*s - 26 = 154. What is the tens digit of s?
4
Let b = 14384 - 5792. Wha